a factor of 399?
True
Does 20 divide 4941?
False
Is 71 a factor of 37439?
False
Does 21 divide 21?
True
Is 380 a multiple of 11?
False
Is 10362 a multiple of 33?
True
Is 7 a factor of 4095?
True
Is 5 a factor of 10730?
True
Is 14154 a multiple of 14?
True
Does 16 divide 911?
False
Is 985 a multiple of 22?
False
Is 459 a factor of 121635?
True
Is 13 a factor of 45275?
False
Is 13 a factor of 2860?
True
Is 2371 a multiple of 21?
False
Does 140 divide 19320?
True
Is 290 a factor of 42340?
True
Is 144 a multiple of 17?
False
Is 11 a factor of 44044?
True
Does 36 divide 1404?
True
Does 10 divide 87006?
False
Is 165 a factor of 7062?
False
Is 1059 a multiple of 26?
False
Is 253 a multiple of 7?
False
Does 192 divide 136436?
False
Is 18088 a multiple of 76?
True
Does 152 divide 31160?
True
Is 14 a factor of 5292?
True
Does 8 divide 12616?
True
Does 5 divide 340?
True
Does 8 divide 35632?
True
Is 4 a factor of 2064?
True
Does 24 divide 1008?
True
Is 118 a factor of 6018?
True
Is 679 a multiple of 14?
False
Is 6 a factor of 1074?
True
Does 102 divide 21726?
True
Is 11 a factor of 11506?
True
Is 504 a multiple of 6?
True
Does 16 divide 1676?
False
Is 520 a multiple of 65?
True
Does 40 divide 3965?
False
Is 71 a factor of 18957?
True
Is 67988 a multiple of 46?
True
Is 10425 a multiple of 75?
True
Does 82 divide 1312?
True
Is 6 a factor of 21170?
False
Is 11 a factor of 531?
False
Is 4862 a multiple of 34?
True
Is 33 a multiple of 11?
True
Does 5 divide 3786?
False
Does 12 divide 2750?
False
Is 54 a factor of 1257?
False
Is 8120 a multiple of 28?
True
Is 4000 a multiple of 16?
True
Is 70 a factor of 45010?
True
Is 1221 a multiple of 33?
True
Does 49 divide 1272?
False
Is 5 a factor of 15460?
True
Is 28 a factor of 2683?
False
Is 70 a factor of 2697?
False
Is 13 a factor of 6176?
False
Is 17 a factor of 51?
True
Is 4 a factor of 9527?
False
Does 4 divide 376?
True
Does 117 divide 890?
False
Is 26400 a multiple of 32?
True
Is 5 a factor of 1606?
False
Is 6 a factor of 36?
True
Is 21 a factor of 11676?
True
Is 21 a factor of 575?
False
Is 38 a factor of 11909?
False
Is 3768 a multiple of 12?
True
Does 11 divide 594?
True
Is 4906 a multiple of 18?
False
Is 20832 a multiple of 31?
True
Does 10 divide 1351?
False
Does 6 divide 24?
True
Is 359 a multiple of 2?
False
Is 142 a factor of 10687?
False
Is 2340 a multiple of 45?
True
Is 40 a factor of 478?
False
Is 4253 a multiple of 52?
False
Is 23764 a multiple of 52?
True
Is 10492 a multiple of 53?
False
Does 9 divide 111?
False
Is 38 a factor of 4560?
True
Does 81 divide 9639?
True
Does 5 divide 2419?
False
Does 9 divide 27088?
False
Is 70515 a multiple of 15?
True
Is 4 a factor of 66?
False
Is 8 a factor of 207?
False
Is 32 a factor of 491?
False
Is 1205 a multiple of 14?
False
Is 29 a factor of 2755?
True
Is 918 a multiple of 15?
False
Is 268 a multiple of 11?
False
Is 58 a factor of 1276?
True
Is 3 a factor of 317?
False
Is 336 a multiple of 24?
True
Is 28282 a multiple of 158?
True
Is 9 a factor of 45?
True
Is 8 a factor of 4784?
True
Does 9 divide 117072?
True
Is 3275 a multiple of 131?
True
Is 5587 a multiple of 17?
False
Is 282 a multiple of 6?
True
Does 45 divide 11034?
False
Is 19 a factor of 247?
True
Is 12 a factor of 1158?
False
Is 5484 a multiple of 135?
False
Is 18 a factor of 4912?
False
Does 86 divide 45140?
False
Is 1535 a multiple of 52?
False
Does 6 divide 90?
True
Is 30 a factor of 6588?
False
Is 20605 a multiple of 6?
False
Is 20 a factor of 695?
False
Is 23042 a multiple of 8?
False
Is 4066 a multiple of 38?
True
Is 22968 a multiple of 264?
True
Does 23 divide 764?
False
Does 6 divide 10?
False
Is 15 a factor of 569?
False
Is 18 a factor of 324?
True
Is 65 a factor of 453?
False
Is 21 a factor of 735?
True
Is 349 a multiple of 31?
False
Is 8 a factor of 336?
True
Does 63 divide 106533?
True
Does 15 divide 11393?
False
Is 2296 a multiple of 36?
False
Is 5065 a multiple of 16?
False
Does 2 divide 3859?
False
Does 16 divide 3221?
False
Does 10 divide 2310?
True
Is 176 a multiple of 44?
True
Does 12 divide 751?
False
Does 11 divide 287?
False
Is 54 a factor of 4536?
True
Does 40 divide 600?
True
Is 1053 a multiple of 39?
True
Is 5423 a multiple of 29?
True
Is 45 a factor of 6480?
True
Is 4180 a multiple of 5?
True
Is 35 a factor of 1225?
True
Does 31 divide 16833?
True
Is 16 a factor of 1323?
False
Is 1388 a multiple of 11?
False
Is 1287 a multiple of 99?
True
Is 1324 a multiple of 23?
False
Does 10 divide 11442?
False
Is 3870 a multiple of 90?
True
Does 53 divide 20829?
True
Does 13 divide 117?
True
Does 83 divide 1192?
False
Does 80 divide 9132?
False
Does 8 divide 23709?
False
Is 4725 a multiple of 25?
True
Is 28 a factor of 12152?
True
Does 55 divide 639?
False
Is 1281 a multiple of 3?
True
Does 15 divide 300?
True
Is 56 a multiple of 14?
True
Is 7818 a multiple of 130?
False
Does 19 divide 570?
True
Is 47 a factor of 5640?
True
Is 11 a factor of 1100?
True
Is 30125 a multiple of 28?
False
Is 783 a multiple of 27?
True
Does 35 divide 1333?
False
Does 39 divide 6903?
True
Is 29 a factor of 17046?
False
Does 79 divide 2370?
True
Does 72 divide 3162?
False
Does 51 divide 1806?
False
Is 13 a factor of 104?
True
Does 25 divide 22050?
True
Does 64 divide 2084?
False
Is 2341 a multiple of 4?
False
Is 1595 a multiple of 15?
False
Does 34 divide 4040?
False
Is 7735 a multiple of 15?
False
Is 2893 a multiple of 12?
False
Does 20 divide 35823?
False
Is 37 a factor of 530?
False
Is 672 a multiple of 48?
True
Is 12 a factor of 3816?
True
Is 1750 a multiple of 3?
False
Does 11 divide 2035?
True
Is 25 a factor of 3125?
True
Is 437 a multiple of 9?
False
Is 815 a multiple of 7?
False
Is 144 a multiple of 2?
True
Does 104 divide 873?
False
Does 33 divide 1980?
True
Does 43 divide 37711?
True
Is 2148 a multiple of 12?
True
Is 17 a factor of 1612?
False
Is 706 a multiple of 34?
False
Does 85 divide 5337?
False
Is 11927 a multiple of 68?
False
Is 217 a multiple of 7?
True
Does 15 divide 37404?
False
Is 57523 a multiple of 41?
True
Is 58 a factor of 70?
False
Does 93 divide 1488?
True
Is 49116 a multiple of 16?
False
Is 24 a factor of 3206?
False
Is 13666 a multiple of 153?
False
Is 38115 a multiple of 21?
True
Is 141680 a multiple of 176?
True
Is 10 a factor of 130?
True
Is 8 a factor of 5419?
False
Is 44448 a multiple of 12?
True
Is 217 even?
False
Is 81 a multiple of 27?
True
Is 46 a factor of 6779?
False
Is 50 a multiple of 10?
True
Does 4 divide 1440?
True
Is 3 a factor of 171?
True
Is 55 a factor of 14391?
False
Does 11 divide 2595?
False
Is 601 a multiple of 14?
False
Is 31 a factor of 784?
False
Does 20 divide 347?
False
Does 72 divide 936?
True
Is 20 a factor of 7300?
True
Is 1907 a multiple of 48?
False
Is 61718 a multiple of 24?
False
Is 270 a factor of 1352?
False
Does 90 divide 11160?
True
Is 4 a factor of 102?
False
Is 11 a factor of 11495?
True
Does 29 divide 290?
True
Does 105 divide 11476?
False
Does 38 divide 1829?
False
Is 17 a factor of 790?
False
Is 15 a factor of 2025?
True
Is 86 a factor of 2614?
False
Does 25 divide 1075?
True
Is 740 a multiple of 26?
False
Does 57 divide 285?
True
Is 27 a factor of 594?
True
Does 185 divide 3885?
True
Does 37 divide 424?
False
Is 98 a factor of 11469?
False
Is 1785 a multiple of 19?
False
Does 106 divide 25521?
False
Is 14400 a multiple of 50?
True
Is 9288 a multiple of 27?
True
Does 58 divide 65250?
True
Is 748 a multiple of 34?
True
Is 65 a factor of 20735?
True
Is 11 a factor of 704?
True
Is 31 a factor of 1953?
True
Does 45 divide 26055?
True
Does 40 divide 1390?
False
Does 12 divide 515?
False
Does 17 divide 4522?
True
Is 29 a multiple of 2?
False
Does 9 divide 4053?
False
Is 16 a factor of 7341?
False
Does 74 divide 2296?
False
Does 29 divide 50943?
False
Is 15 a factor of 78900?
True
Is 10 a factor of 109?
False
Is 12156 a multiple of 170?
False
Is 9 a factor of 871?
False
Does 97 divide 61498?
True
Does 21 divide 1410?
False
Does 91 divide 61624?
False
Is 215 a multiple of 4?
False
Is 37 a factor of 536?
False
Does 17 divide 2712?
False
Is 77 a factor of 7315?
True
Is 185 a multiple of 19?
False
Is 4364 a multiple of 18?
False
Is 1472 a multiple of 92?
True
Does 11 divide 2508?
True
Does 31 divide 52545?
True
Is 3976 a multiple of 71?
True
Is